01 + 12?
-1112
In base 16, what is -1 - -bb?
ba
In base 6, what is 10435 + -5?
10430
In base 9, what is 245 - 1?
244
In base 10, what is -1 - -23?
22
In base 15, what is -77 - 4?
-7b
In base 3, what is -20221 - 122?
-21120
In base 6, what is 22 - -3?
25
In base 12, what is -2 - 5a?
-60
In base 13, what is -2 + 2a?
28
In base 8, what is 1 - -301?
302
In base 4, what is 10 - 210?
-200
In base 11, what is 61 - -15?
76
In base 6, what is 0 - 40?
-40
In base 13, what is -1 - 861?
-862
In base 11, what is 11 + -9?
3
In base 2, what is 10 + -1000100011?
-1000100001
In base 16, what is 548 - -4?
54c
In base 2, what is -1100010100 + -11?
-1100010111
In base 5, what is -4 - -41?
32
In base 5, what is 41 + 3?
44
In base 15, what is -4 + -15c4?
-15c8
In base 12, what is 11 - -7?
18
In base 10, what is -4 - 27?
-31
In base 13, what is 1c0 - 3?
1ba
In base 2, what is 11 + -10000100?
-10000001
In base 8, what is -3 - 267?
-272
In base 7, what is 66 - 2?
64
In base 7, what is -3 - -141?
135
In base 14, what is 7 - -20?
27
In base 14, what is 39 + c8?
123
In base 6, what is 240 + -10?
230
In base 3, what is 1011 - -11?
1022
In base 7, what is 0 - -112?
112
In base 8, what is 0 + 276?
276
In base 4, what is 10 + 300?
310
In base 5, what is 300101 + 0?
300101
In base 9, what is 3 - 3?
0
In base 11, what is -26 + 25?
-1
In base 11, what is -129 + -3?
-131
In base 9, what is 1 + 5?
6
In base 6, what is -32 - -5?
-23
In base 8, what is 220 + 3?
223
In base 2, what is -110111100011 + 10?
-110111100001
In base 12, what is -4 + 24?
20
In base 16, what is 1 - -2c?
2d
In base 8, what is 11 - 2?
7
In base 9, what is 132 + 70?
212
In base 2, what is -101 + -100111010100?
-100111011001
In base 12, what is 1 + -ab?
-aa
In base 14, what is -1d + -23?
-42
In base 12, what is 463 - 4?
45b
In base 15, what is 32 - -2?
34
In base 11, what is -8 + 655?
648
In base 14, what is 2c3 + -18?
2a9
In base 10, what is 2 + 40?
42
In base 12, what is -8 - 146?
-152
In base 14, what is -2 - -2043?
2041
In base 11, what is -5 + 23?
19
In base 13, what is a3 - -ac?
182
In base 8, what is 6 + 36?
44
In base 6, what is -2213 + -4?
-2221
In base 4, what is -32 + 12?
-20
In base 10, what is 17 + -186?
-169
In base 7, what is -1352 + 0?
-1352
In base 10, what is -97 - -1?
-96
In base 3, what is -2022220 - -10?
-2022210
In base 6, what is -1150 - -1?
-1145
In base 4, what is -11 - -12113?
12102
In base 15, what is -2 - -74?
72
In base 4, what is -113 - -13231?
13112
In base 9, what is 23615 + 1?
23616
In base 4, what is -1100 + -203?
-1303
In base 14, what is 164 + -5?
15d
In base 7, what is 15 - 141?
-123
In base 16, what is -2c + 5?
-27
In base 7, what is -122 - 5?
-130
In base 9, what is -5 - -68?
63
In base 11, what is 379 - 5?
374
In base 3, what is 1120020 + -1?
1120012
In base 10, what is -592 - 11?
-603
In base 15, what is -14 + -11e?
-133
In base 7, what is -5 - -5421?
5413
In base 10, what is -444 - 4?
-448
In base 4, what is -133 - -1000?
201
In base 10, what is 376 - -2?
378
In base 5, what is 2 + -1324?
-1322
In base 11, what is -12a - 9?
-138
In base 4, what is -3 + -110?
-113
In base 6, what is 50 + 5?
55
In base 3, what is 121021110 + -1?
121021102
In base 5, what is 13400 + -1?
13344
In base 5, what is 2311 - -4?
2320
In base 16, what is -1cee + -5?
-1cf3
In base 11, what is 117 - 3?
114
In base 4, what is 11 + -1302?
-1231
In base 15, what is -3 + d27?
d24
In base 16, what is -1a40 + 2?
-1a3e
In base 7, what is 0 - 104?
-104
In base 3, what is -11 + 1212?
1201
In base 3, what is -2 + 120?
111
In base 2, what is -10001010 + 0?
-10001010
In base 16, what is -1ae - -4?
-1aa
In base 7, what is 1 + 15203?
15204
In base 12, what is 10 + 18?
28
In base 14, what is -3 - 48?
-4b
In base 3, what is 0 - 22022?
-22022
In base 15, what is 2 + -81?
-7e
In base 7, what is -55 - -1?
-54
In base 14, what is -1d + -1?
-20
In base 14, what is -806 - -4?
-802
In base 8, what is 0 - -2162?
2162
In base 8, what is -1 + -5434?
-5435
In base 14, what is -127 - -4?
-123
In base 15, what is 1a + 15?
30
In base 14, what is 1 + 24d?
250
In base 8, what is -5 + 25?
20
In base 14, what is 317 + -16?
301
In base 4, what is -10 - 231?
-301
In base 13, what is -5 + 9c3?
9bb
In base 15, what is 139e - 2?
139c
In base 7, what is -354 + 4?
-350
In base 15, what is d46 + -4?
d42
In base 13, what is -6 + -1?
-7
In base 3, what is 12110201 - -2?
12110210
In base 9, what is 16 - -3?
20
In base 5, what is 10 + -2311?
-2301
In base 9, what is -5 - 4?
-10
In base 10, what is -109 - 107?
-216
In base 4, what is 0 - 2302?
-2302
In base 3, what is -12 + -10210212?
-10211001
In base 14, what is -6 + -59?
-61
In base 5, what is 23 - 24?
-1
In base 10, what is -2 - 9?
-11
In base 7, what is 11 - -15?
26
In base 2, what is -1000 + 11011?
10011
In base 11, what is -5 - 32?
-37
In base 12, what is -218 + 5?
-213
In base 12, what is -1 - 82?
-83
In base 15, what is -1 - -46?
45
In base 4, what is -321 + 11?
-310
In base 12, what is 9 + 174?
181
In base 10, what is 10 + -955?
-945
In base 4, what is 332 + 10?
1002
In base 13, what is -1c3c - -4?
-1c38
In base 15, what is 8 + d?
16
In base 2, what is 1100110000011 - 1?
1100110000010
In base 8, what is 52 + -11?
41
In base 5, what is -10 - 141?
-201
In base 16, what is -224d + 4?
-2249
In base 12, what is -6 - -435?
42b
In base 11, what is -782 - 3?
-785
In base 9, what is -61637 + -4?
-61642
In base 3, what is 2211020012 + -1?
2211020011
In base 3, what is 12 - -1010100?
1010112
In base 6, what is 52 + 102?
154
In base 14, what is 31d - -3?
322
In base 14, what is -7 - 35?
-3c
In base 13, what is -2b - -2?
-29
In base 13, what is 11 - -9ba?
9cb
In base 10, what is -3 - 8?
-11
In base 16, what is -4 + 2?
-2
In base 5, what is 22 - -200?
222
In base 13, what is 4 - 146?
-142
In base 4, what is 3111 - 11?
3100
In base 16, what is 67a + -3?
677
In base 4, what is -21 + -2?
-23
In base 2, what is 10110001001111 + -100?
10110001001011
In base 15, what is -21 - -4?
-1c
In base 12, what is -10 - b?
-1b
In base 7, what is -1 + -425?
-426
In base 3, what is 2 - -2210122?
2210201
In base 8, what is -11 + 30?
17
In base 2, what is -1011000 + -101?
-1011101
In base 6, what is 52 - 13?
35
In base 11, what is 3361 + 3?
3364
In base 9, what is 271 + -10?
261
In base 6, what is 101 - -402?
503
In base 9, what is -4 + 23?
18
In base 16, what is 2b05 + -5?
2b00
In base 15, what is -97 + -1?
-98
In base 8, what is -1 + -41?
-42
In base 14, what is -4 + 17c?
178
In base 7, what is -45 - 13?
-61
In base 15, what is 1 - aa?
-a9
In base 11, what is -167 - -17?
-150
In base 9, what is 534 - 4?
530
In base 9, what is 110 - -35?
145
In base 7, what is -2205 + 1?
-2204
In base 15, what is -38 - 0?
-38
In base 5, what is -2 + -1?
-3
In base 15, what is 4 + 189?
18d
In base 9, what is -15 - 2?
-17
In base 7, what is -15 + -25?
-43
In base 11, what is 26 - 58?
-32
In base 4, what is 22311 + 3?
22320
In base 6, what is -2 + -20?
-22
In base 12, what is 1 - 390?
-38b
In base 2, what is 10010111111 + -10?
10010111101
In base 7, what is 5 + -1434?
-1426
In base 15, what is -2 - -1223?
1221
In base 5, what is 0 + 13040?
13040
In base 15, what is 2 - 278?
-276
In base 14, what is -4 - 17?
-1b
In base 7, what is -6500 + 4?
-6463
In base 6, what is 2 + -22?
-20
In base 3, what is -12 + 1002?
220
In base 14, what is 2 + 39?
3b
In base 7, what is 2204 + 2?
2206
In base 4, what is -131103 + -11?
-131120
In base 14, what is 4 - -a0?
a4
In base 15, what is -1 + 104?
103
In base 6, what is -111 - 10?
-121
In base 7, what is 3 - 5312?
-5306
In base 2, what is 101 + -100011?
-11110
In base 9, what is 14 - 1338?
-1324
In base 14, what is -3 + b3?
b0
In base 14, what is -4 - -b1?
ab
In base 13, what is -21b - -5?
-216
In base 7, what is -65 + 0?
-65
In base 16, what is -1f - -19f?
180
In base 10, what is -83 - -5?
-78
In base 15, what is -25 + -8d?
-b3
In base 4, what is -3 + -33112?
-33121
In base 14, what is -2 + -558?
-55a
In base 10, what is 80 - 3?
77
In base 8, what is -4 + -445?
-451
In base 5, what is 3033 - 4?
3024
In base 6, what is -2102 + -5?
-2111
In base 9, what is -1462 + -4?
-1466
In base 4, what is -1332300 + 3?
-1332231
In base 3, what is -2201 - 10?
-2211
In base 4, what is -330 - -100?
-230
In base 6, what i